{"id":396,"date":"2024-11-05T18:32:54","date_gmt":"2024-11-05T18:32:54","guid":{"rendered":"https:\/\/www.progeass.eu\/p\/?post_type=tribe_events&#038;p=396"},"modified":"2024-12-03T17:14:35","modified_gmt":"2024-12-03T17:14:35","slug":"concerto-gospel-lets-join-seconda-edizione","status":"publish","type":"tribe_events","link":"https:\/\/www.progeass.eu\/p\/ev\/concerto-gospel-lets-join-seconda-edizione\/","title":{"rendered":"Concerto Gospel&#038;Pop LET&#8217;S JOIN Seconda Edizione"},"content":{"rendered":"<p><strong>CONCERTO GOSPEL&amp;POP LET\u2019S JOIN<\/strong><\/p>\n<p><em>Seconda Edizione<\/em><strong><br \/>\n<\/strong><\/p>\n<p>per la Giornata Internazionale delle Persone con Disabilit\u00e0<\/p>\n<p>Data: <strong>8 dicembre 2024 alle ore 18.00<br \/>\n<\/strong><\/p>\n<p><strong>Luogo<\/strong>: Teatro La Contrada.<\/p>\n<p><strong>Evento<\/strong>: Concerto Gospel diretto da Alessandro Pozzetto con la partecipazione della Calicanto Band, in un contesto solidale e benefico.<\/p>\n<p><strong>Artisti<\/strong>:\u00a0 Alessandro Pozzetto alla direzione dei cori Saint Lucy Gospel Choir di Prata di Pordenone, il Sand Of Gospel di Lignano Sabbiadoro e Voice of Haven di Trieste, i ragazzi della Calicanto Band e quest&#8217;anno con la partecipazione di Barbara e Francesca di Aperitivo Silenzioso.<\/p>\n<p>La Giornata Internazionale delle Persone con Disabilit\u00e0 \u00e8 indetta dalle Nazioni Unite il 3 dicembre di ogni anno. Nasce per sensibilizzare le persone sul tema della diversit\u00e0 e del suo valore, dei diritti inalienabili di ogni essere umano, indipendentemente dalla condizione fisica, psichica, sensoriale, sociale.<\/p>\n<p>In questa occasione cosi importante, in collaborazione a diverse Associazioni del Territorio FVG, nel pomeriggio del 8 dicembre avr\u00e0 luogo presso il Teatro La Contrada un concerto integrato tra i cori di Alessandro Pozzetto e la Calicanto Band.<\/p>\n<p><strong>\u00a0<\/strong><strong>Alessandro Pozzetto<\/strong>, \u00a0Direttore Professionista di Cori Gospel. Dirige diverse corali Gospel da oltre vent\u2019anni tra cui l\u2019Italian Gospel Choir, ovvero il Coro Gospel Nazionale. Per questo evento unir\u00e0 i cori <strong>Saint Lucy Gospel Choir di Prata di Pordenone<\/strong>, il <strong>Sand Of Gospel di Lignano Sabbiadoro<\/strong> e l\u2019ultimo neo nato <strong>Voice of Haven di Trieste<\/strong>, in una fusione di elementi che si traducono in un impatto corale di grande effetto ed energia, con repertorio che va dallo Spiritual al Gospel Moderno, in combinazioni di piacevole coinvolgimento del pubblico.<\/p>\n<p>La <strong>Calicanto Band<\/strong>, diretta da Il Maestro Fabio Clary, guida i ragazzi disabili utilizzando metodologie specifiche. Attraverso lezioni individuali e di musica d\u2019insieme gli allievi vengono indirizzati all\u2019apprendimento di uno strumento (pianoforte, batteria, fisarmonica, chitarra, percussioni e canto), scelto in base alle specifiche problematiche di ognuno, in modo che la scelta aiuti il ragazzo a migliorarsi e superare le proprie difficolt\u00e0. La Calicanto Band, un gruppo composto da 20\/25 ragazzi tra abili e disabili, nasce dal positivo risultato ottenuto da questa esperienza e si \u00e8 gi\u00e0 esibita in pubblico pi\u00f9 volte e su diversi palcoscenici di grandissima importanza.<\/p>\n<p>Per far ancora pi\u00f9 rumore nel silenzio si uniscono Barbara e Francesca di <strong>Aperitivo Silenzioso<\/strong> in un momento di grande emozione e che ci coinvolger\u00e0 in modo pazzesco nella lingua dei segni.<\/p>\n<p>Lo scopo principale di questo evento \u00e8 la <strong>solidariet\u00e0<\/strong> in un contesto unico dove verranno esaltati i principi di integrazione, benessere e consapevolezza.<\/p>\n<p>*****<\/p>\n<p>Dettagli e luogo spettacolo:<\/p>\n<p>Data: <strong>8 dicembre 2024 alle ore 18.00<\/strong><br \/>\nLA CONTRADA &#8211; TEATRO STABILE BOBBIO DI TRIESTE<br \/>\nVia del Ghirlandaio, 12, 34138 TRIESTE<br \/>\n<a href=\"https:\/\/www.contrada.it\/spettacoli\/let's-join\" target=\"_blank\" rel=\"noopener\">https:\/\/www.contrada.it\/spettacoli\/let&#8217;s-join<\/a><\/p>\n<p>Evento su Web, FB, IG:<br \/>\n<a href=\"https:\/\/fb.me\/e\/5ONH8oaR0\" target=\"_blank\" rel=\"noopener\">https:\/\/fb.me\/e\/5ONH8oaR0<\/a><\/p>\n<p><a href=\"https:\/\/www.progeass.eu\/p\/\">https:\/\/www.progeass.eu\/p\/<\/a><br \/>\n<a href=\"https:\/\/www.facebook.com\/associazioneprogettiamo\" target=\"_blank\" rel=\"noopener\">https:\/\/www.facebook.com\/associazioneprogettiamo<\/a><br \/>\n<a href=\"https:\/\/www.instagram.com\/associazioneprogettiamo\" target=\"_blank\" rel=\"noopener\">https:\/\/www.instagram.com\/associazioneprogettiamo<\/a><\/p>\n<p>Biglietterie fisica presso:<br \/>\nDISCORSO SNC<br \/>\nVia Garibaldi 36 &#8211; SACILE(PN)<br \/>\n<a href=\"https:\/\/maps.app.goo.gl\/KPgb6KwQpXponXVE9\" target=\"_blank\" rel=\"noopener\">https:\/\/maps.app.goo.gl\/KPgb6KwQpXponXVE9<\/a><\/p>\n<p>TICKETPOINT<br \/>\nGalleria Rossoni &#8211; Corso Italia 9, 34122 TRIESTE<br \/>\n<a href=\"https:\/\/maps.app.goo.gl\/U317yPRptL8KF1Pf8\" target=\"_blank\" rel=\"noopener\">https:\/\/maps.app.goo.gl\/U317yPRptL8KF1Pf8<\/a><\/p>\n<p>LA CONTRADA BIGLIETTERIA<br \/>\nVia Ghirlandaio 12 &#8211; TRIESTE<br \/>\n<a href=\"https:\/\/maps.app.goo.gl\/6VRRE8yZVG4CK7LT7\" target=\"_blank\" rel=\"noopener\">https:\/\/maps.app.goo.gl\/6VRRE8yZVG4CK7LT7<\/a><\/p>\n<p>nelle biglietterie fisiche<br \/>\n&#8211; non si possono effettuare prenotazioni<br \/>\n&#8211; pagamento con POS<\/p>\n<p>Oppure online su VIVATICKET<br \/>\n<a href=\"https:\/\/www.vivaticket.com\/it\/ticket\/concerto-gospel-pop-let-s-join\/252520\" target=\"_blank\" rel=\"noopener\">https:\/\/www.vivaticket.com\/it\/ticket\/concerto-gospel-pop-let-s-join\/252520<\/a><\/p>\n<p>Per GRUPPI numerosi scrivere un Whatsapp o sms al <a href=\"https:\/\/wa.me\/+393393015770\/?text=Come%20faccio%20prenotare%20per%20un%20gruppo%20numeroso?\" target=\"_blank\" rel=\"noopener\">3393015770<\/a><\/p>\n<p>Vi aspettiamo in tantissimi!!<br \/>\ne portate gli amici e gli amici degli amici<\/p>\n<p>&nbsp;<\/p>\n<p>AIUTACI AD AIUTARE?<\/p>\n<p>Questo \u00e8 il nostro desiderio!<br \/>\nL\u2019impegno di Associazione PROGETTIAMO \u00e8 di creare eventi culturali, significativi e di grande importanza a sfondo benefico, perch\u00e8 FAR DEL BENE FA STAR BENE.<br \/>\nTi chiediamo di unirti a noi con una donazione per progettare cultura assieme.<br \/>\nGrazie per il tuo aiuto.<\/p>\n<h4>IBAN IT70H0863164880000001031895<\/h4>\n<p>Grazie<br \/>\nStaff Associazione <strong>PROGETTIAMO<\/strong><\/p>\n<p>&nbsp;<\/p>\n","protected":false},"excerpt":{"rendered":"<p>CONCERTO GOSPEL&amp;POP LET\u2019S JOIN Seconda Edizione per la Giornata Internazionale delle Persone con Disabilit\u00e0 Data: 8 dicembre 2024 alle ore 18.00 Luogo: Teatro La Contrada. Evento: Concerto Gospel diretto da [&hellip;]<\/p>\n","protected":false},"author":1,"featured_media":397,"template":"","meta":{"_tribe_events_status":"","_tribe_events_status_reason":"","footnotes":""},"tags":[],"tribe_events_cat":[],"class_list":["post-396","tribe_events","type-tribe_events","status-publish","has-post-thumbnail","hentry"],"_links":{"self":[{"href":"https:\/\/www.progeass.eu\/p\/wp-json\/wp\/v2\/tribe_events\/396","targetHints":{"allow":["GET"]}}],"collection":[{"href":"https:\/\/www.progeass.eu\/p\/wp-json\/wp\/v2\/tribe_events"}],"about":[{"href":"https:\/\/www.progeass.eu\/p\/wp-json\/wp\/v2\/types\/tribe_events"}],"author":[{"embeddable":true,"href":"https:\/\/www.progeass.eu\/p\/wp-json\/wp\/v2\/users\/1"}],"version-history":[{"count":10,"href":"https:\/\/www.progeass.eu\/p\/wp-json\/wp\/v2\/tribe_events\/396\/revisions"}],"predecessor-version":[{"id":422,"href":"https:\/\/www.progeass.eu\/p\/wp-json\/wp\/v2\/tribe_events\/396\/revisions\/422"}],"wp:featuredmedia":[{"embeddable":true,"href":"https:\/\/www.progeass.eu\/p\/wp-json\/wp\/v2\/media\/397"}],"wp:attachment":[{"href":"https:\/\/www.progeass.eu\/p\/wp-json\/wp\/v2\/media?parent=396"}],"wp:term":[{"taxonomy":"post_tag","embeddable":true,"href":"https:\/\/www.progeass.eu\/p\/wp-json\/wp\/v2\/tags?post=396"},{"taxonomy":"tribe_events_cat","embeddable":true,"href":"https:\/\/www.progeass.eu\/p\/wp-json\/wp\/v2\/tribe_events_cat?post=396"}],"curies":[{"name":"wp","href":"https:\/\/api.w.org\/{rel}","templated":true}]}}

<p><strong>CONCERTO GOSPEL&amp;POP LET’S JOIN</strong></p>
<p><em>Seconda Edizione</em><strong><br />
</strong></p>
<p>per la Giornata Internazionale delle Persone con Disabilità</p>
<p>Data: <strong>8 dicembre 2024 alle ore 18.00<br />
</strong></p>
<p><strong>Luogo</strong>: Teatro La Contrada.</p>
<p><strong>Evento</strong>: Concerto Gospel diretto da Alessandro Pozzetto con la partecipazione della Calicanto Band, in un contesto solidale e benefico.</p>
<p><strong>Artisti</strong>:  Alessandro Pozzetto alla direzione dei cori Saint Lucy Gospel Choir di Prata di Pordenone, il Sand Of Gospel di Lignano Sabbiadoro e Voice of Haven di Trieste, i ragazzi della Calicanto Band e quest&#8217;anno con la partecipazione di Barbara e Francesca di Aperitivo Silenzioso.</p>
<p>La Giornata Internazionale delle Persone con Disabilità è indetta dalle Nazioni Unite il 3 dicembre di ogni anno. Nasce per sensibilizzare le persone sul tema della diversità e del suo valore, dei diritti inalienabili di ogni essere umano, indipendentemente dalla condizione fisica, psichica, sensoriale, sociale.</p>
<p>In questa occasione cosi importante, in collaborazione a diverse Associazioni del Territorio FVG, nel pomeriggio del 8 dicembre avrà luogo presso il Teatro La Contrada un concerto integrato tra i cori di Alessandro Pozzetto e la Calicanto Band.</p>
<p><strong> </strong><strong>Alessandro Pozzetto</strong>,  Direttore Professionista di Cori Gospel. Dirige diverse corali Gospel da oltre vent’anni tra cui l’Italian Gospel Choir, ovvero il Coro Gospel Nazionale. Per questo evento unirà i cori <strong>Saint Lucy Gospel Choir di Prata di Pordenone</strong>, il <strong>Sand Of Gospel di Lignano Sabbiadoro</strong> e l’ultimo neo nato <strong>Voice of Haven di Trieste</strong>, in una fusione di elementi che si traducono in un impatto corale di grande effetto ed energia, con repertorio che va dallo Spiritual al Gospel Moderno, in combinazioni di piacevole coinvolgimento del pubblico.</p>
<p>La <strong>Calicanto Band</strong>, diretta da Il Maestro Fabio Clary, guida i ragazzi disabili utilizzando metodologie specifiche. Attraverso lezioni individuali e di musica d’insieme gli allievi vengono indirizzati all’apprendimento di uno strumento (pianoforte, batteria, fisarmonica, chitarra, percussioni e canto), scelto in base alle specifiche problematiche di ognuno, in modo che la scelta aiuti il ragazzo a migliorarsi e superare le proprie difficoltà. La Calicanto Band, un gruppo composto da 20/25 ragazzi tra abili e disabili, nasce dal positivo risultato ottenuto da questa esperienza e si è già esibita in pubblico più volte e su diversi palcoscenici di grandissima importanza.</p>
<p>Per far ancora più rumore nel silenzio si uniscono Barbara e Francesca di <strong>Aperitivo Silenzioso</strong> in un momento di grande emozione e che ci coinvolgerà in modo pazzesco nella lingua dei segni.</p>
<p>Lo scopo principale di questo evento è la <strong>solidarietà</strong> in un contesto unico dove verranno esaltati i principi di integrazione, benessere e consapevolezza.</p>
<p>*****</p>
<p>Dettagli e luogo spettacolo:</p>
<p>Data: <strong>8 dicembre 2024 alle ore 18.00</strong><br />
LA CONTRADA &#8211; TEATRO STABILE BOBBIO DI TRIESTE<br />
Via del Ghirlandaio, 12, 34138 TRIESTE<br />
<a href="https://www.contrada.it/spettacoli/let's-join" target="_blank" rel="noopener">https://www.contrada.it/spettacoli/let&#8217;s-join</a></p>
<p>Evento su Web, FB, IG:<br />
<a href="https://fb.me/e/5ONH8oaR0" target="_blank" rel="noopener">https://fb.me/e/5ONH8oaR0</a></p>
<p><a href="https://www.progeass.eu/p/">https://www.progeass.eu/p/</a><br />
<a href="https://www.facebook.com/associazioneprogettiamo" target="_blank" rel="noopener">https://www.facebook.com/associazioneprogettiamo</a><br />
<a href="https://www.instagram.com/associazioneprogettiamo" target="_blank" rel="noopener">https://www.instagram.com/associazioneprogettiamo</a></p>
<p>Biglietterie fisica presso:<br />
DISCORSO SNC<br />
Via Garibaldi 36 &#8211; SACILE(PN)<br />
<a href="https://maps.app.goo.gl/KPgb6KwQpXponXVE9" target="_blank" rel="noopener">https://maps.app.goo.gl/KPgb6KwQpXponXVE9</a></p>
<p>TICKETPOINT<br />
Galleria Rossoni &#8211; Corso Italia 9, 34122 TRIESTE<br />
<a href="https://maps.app.goo.gl/U317yPRptL8KF1Pf8" target="_blank" rel="noopener">https://maps.app.goo.gl/U317yPRptL8KF1Pf8</a></p>
<p>LA CONTRADA BIGLIETTERIA<br />
Via Ghirlandaio 12 &#8211; TRIESTE<br />
<a href="https://maps.app.goo.gl/6VRRE8yZVG4CK7LT7" target="_blank" rel="noopener">https://maps.app.goo.gl/6VRRE8yZVG4CK7LT7</a></p>
<p>nelle biglietterie fisiche<br />
&#8211; non si possono effettuare prenotazioni<br />
&#8211; pagamento con POS</p>
<p>Oppure online su VIVATICKET<br />
<a href="https://www.vivaticket.com/it/ticket/concerto-gospel-pop-let-s-join/252520" target="_blank" rel="noopener">https://www.vivaticket.com/it/ticket/concerto-gospel-pop-let-s-join/252520</a></p>
<p>Per GRUPPI numerosi scrivere un Whatsapp o sms al <a href="https://wa.me/+393393015770/?text=Come%20faccio%20prenotare%20per%20un%20gruppo%20numeroso?" target="_blank" rel="noopener">3393015770</a></p>
<p>Vi aspettiamo in tantissimi!!<br />
e portate gli amici e gli amici degli amici</p>
<p>&nbsp;</p>
<p>AIUTACI AD AIUTARE?</p>
<p>Questo è il nostro desiderio!<br />
L’impegno di Associazione PROGETTIAMO è di creare eventi culturali, significativi e di grande importanza a sfondo benefico, perchè FAR DEL BENE FA STAR BENE.<br />
Ti chiediamo di unirti a noi con una donazione per progettare cultura assieme.<br />
Grazie per il tuo aiuto.</p>
<h4>IBAN IT70H0863164880000001031895</h4>
<p>Grazie<br />
Staff Associazione <strong>PROGETTIAMO</strong></p>
<p>&nbsp;</p>

<p>CONCERTO GOSPEL&amp;POP LET’S JOIN Seconda Edizione per la Giornata Internazionale delle Persone con Disabilità Data: 8 dicembre 2024 alle ore 18.00 Luogo: Teatro La Contrada. Evento: Concerto Gospel diretto da [&hellip;]</p>
